 k - 2*k - 28, 4*k + 84 = c*x. What is the remainder when 39 is divided by x?
19
Suppose d + 5*u = 3*u + 30, 4*d - 5*u = 107. Suppose -4*v = -0*v - d. Suppose 30 = -2*n + v*n. What is the remainder when 17 is divided by n?
5
Let l(v) = -v - 2. Let x be l(-4). Suppose -5*m - 25 = 0, 5*k - 6 - 4 = -5*m. Suppose 0 = -x*b + 7 + k. What is the remainder when 19 is divided by b?
5
Let m be 122/(1 + (-27)/21). Calculate the remainder when m/(-13) + (-2)/(-13) is divided by 17.
16
Let t(h) = -24*h**3 - 2*h**2 - h. Suppose -i - 4 = -3*i. Let l be i/(-4) + 5/(-10). Calculate the remainder when t(l) is divided by 12.
11
Suppose 41 = 5*a - 6*s + 5*s, -s + 4 = 0. Suppose -4*x + 36 = -20. Let q = x + 10. Calculate the remainder when q is divided by a.
6
Let o(h) = -5*h**3 - h - 1. Let u be o(-1). Let x(r) = -r**3 + 4*r**2 + 4*r + 3. Let p be x(u). What is the remainder when 10 is divided by (-9)/(1/p - 1)?
4
Let p = 7 - -12. Let i = 8 - 2. What is the remainder when p is divided by (-15)/2*(-8)/i?
9
Let t(m) = m + 9. Suppose 0 = j - 31 - 3. Calculate the remainder when j is divided by t(0).
7
Let n = 0 + 14. Calculate the remainder when n is divided by 2 + 0 + 9/3.
4
Suppose 0 = 2*l - 0*p - 3*p + 77, 2*l + 5*p + 101 = 0. Let z = 77 + l. What is the remainder when z is divided by 18?
16
Suppose -s - 20 = -j - 3*j, 5*j = -2*s + 12. Suppose -j*c + 37 = 2*g - 3*g, 2*g = 4*c - 38. Calculate the remainder when c is divided by 6.
3
Let d(h) = 3. Let s(n) = n + 4. Let v(q) = 4*d(q) - 5*s(q). Let x be v(-8). What is the remainder when (x/(-10))/(2/(-20)) is divided by 11?
10
Suppose -4*u - 2 = -102. Let s(w) = w + 2. Let z be 0 - (-2)/((-6)/(-15)). What is the remainder when u is divided by s(z)?
4
Suppose i - 4*h - 12 = 0, -h - 2*h = 6. Let m = 8 - i. Calculate the remainder when 18 is divided by (-21)/(-2) + (-2)/m.
8
Suppose 21*r - 12*r = 18. Suppose a = 2*a - 7. What is the remainder when a is divided by r?
1
Let f(l) = 3*l**3 - 2. Let r = -9 + 6. Let k(s) = -2*s - 4. Let w be k(r). Calculate the remainder when f(w) is divided by 8.
6
Let r(d) = 40*d**2 + 4*d. Calculate the remainder when r(-2) is divided by 39.
35
Let q(r) = r**2 + 5*r + 3. Let a be q(-5). Let j = 0 + a. Suppose -j*f + 4*f - 16 = 0. Calculate the remainder when f is divided by 6.
4
Let c(h) = -5*h - 59. What is the remainder when 229 is divided by c(-16)?
19
Let l(m) = 2*m**2 + 6*m + 2. Let w be l(-4). Let n = w + -5. Suppose -24 = -3*p + 5*c, 40 = 5*p - 3*c - c. Calculate the remainder when p is divided by n.
3
Let u be 0/(1 + -2 - -3). Suppose u = -3*r + 45 + 36. What is the remainder when r is divided by 10?
7
Suppose 0 = 6*y - y - 190. Let g = y + -20. What is the remainder when g is divided by 5?
3
Let n = -104 + 179. What is the remainder when n is divided by 13?
10
Suppose 0*f + 4*f = 100. What is the remainder when f is divided by (28/5)/(-4)*-5?
4
Let v = 3 - -1. Calculate the remainder when 5 is divided by v.
1
Suppose -n - d - 7 = -2*n, 4*n - 5*d - 31 = 0. What is the remainder when -2 + 0 + 24/2 is divided by n?
2
Let v(u) = -u + 28. Calculate the remainder when v(10) is divided by 5.
3
Let l = 16 - 8. Suppose -n + 1 = -l. Calculate the remainder when 26 is divided by n.
8
Let x(o) = -7*o**3 + 4*o**2 + 5*o + 2. Let j be x(-3). Suppose 0 = -w + 5*w - j. Let l(u) = 7*u - 3. Calculate the remainder when w is divided by l(3).
17
Let a(f) = -3*f**3 + 6 + 4*f**3 + 0*f**2 - 2*f**3 - 6*f**2 - 4*f. Let q be a(-5). Let n = 6 + q. What is the remainder when 20 is divided by n?
6
Let c = 7 - 49. Let l be (c/35)/(2/(-5)). Suppose -l*d - 3*n = -0*d - 6, 4*n = -d - 7. What is the remainder when 14 is divided by d?
4
Let a = 2 - -3. Suppose h - 2*m - 13 = 0, m - a = -2*h - 2*m. What is the remainder when h is divided by 3?
1
Let f = 2 + 2. Suppose -3*u - 22 = 2*k - f*k, -3*u - 39 = -3*k. Let i = 27 + -18. What is the remainder when k is divided by i?
8
Let i = -13 + 60. What is the remainder when i is divided by 10?
7
Let l(i) = i - 3. Suppose 2*v - 12 = -v. Suppose v*w - 2*c - 2 - 4 = 0, -5*w + 3*c = -5. Calculate the remainder when 2 is divided by l(w).
0
Let r(q) = q + 9. Let t be r(-6). Suppose t*i = 4*i - 8. What is the remainder when 21 is divided by i?
5
Suppose -11*n = -10*n - 17. Calculate the remainder when 33 is divided by n.
16
Let k = -4 - -38. Suppose 4*r - 96 = -24. What is the remainder when k is divided by r?
16
Suppose -42 = 5*v - 412. Suppose 0 = 5*i + 47 - 127. Let p = v - i. Calculate the remainder when p is divided by 20.
18
Let u(r) = 4 + 0*r - 3*r - 2. Let h be (-2)/(-6*1/(-15)). Calculate the remainder when u(h) is divided by 6.
5
Suppose -5*p + q + 573 = 0, 3*q + 226 = 2*p + q. What is the remainder when p is divided by 39?
37
Let d be (-8)/(-36) + 86/18. Suppose -3*j = -2*l - 41, 0*l - 20 = d*l. Let y(w) = -10*w + 1. Calculate the remainder when y(-3) is divided by j.
9
Suppose -1 = 3*g - 4*d - 31, 0 = 4*g - 3*d - 47. Let w(k) = -k**3 - k + 8. What is the remainder when g is divided by w(0)?
6
Let n = 326 - 233. Suppose -2*v + 6*v = 16. Suppose -3*k - 2*x + n = -0*k, -v*x = 3*k - 99. What is the remainder when k is divided by 10?
9
Suppose 0 = -2*q - 0*q - 4, -3*y = -2*q - 106. Let o = y - 21. Calculate the remainder when 36 is divided by o.
10
Let c be 1/6 + (-55)/(-30). Suppose 0 = 2*x - x + 3*j - 14, -c*x - 2*j = -20. What is the remainder when 14 is divided by x?
6
Suppose 3*k + 41 = 5*n, 9*n - 43 = 4*n + 4*k. What is the remainder when 48 is divided by n?
6
Let o = 9 + -5. Suppose o*j - 2*j - 40 = 0. Let h = 37 + -30. What is the remainder when j is divided by h?
6
Suppose -2*p = -6, -3*p = 5*u - 6*p - 856. What is the remainder when u is divided by 16?
13
Let s be -4*(-9)/12 + -1. Calculate the remainder when 25 is divided by (-200)/(-14) - s/7.
11
Let b(u) = -7*u + 6. Calculate the remainder when b(-6) is divided by 17.
14
Suppose 0 = 3*z + 2*g, z - 2*z = -g. Suppose 2*y = -z*y + 102. Suppose -2*i + 4*w = 6*w - 60, -2*i + 32 = -5*w. What is the remainder when y is divided by i?
25
Let l(p) = -p**2 + 2*p + 1. Let k be l(5). Let i = 42 + k. What is the remainder when 33 is divided by -2 + -1 + i + -7?
15
Let a = -12 + 17. Suppose 0 = -a*w + 133 - 48. Suppose 4*m - 16 - 16 = -n, -4*n + 20 = 4*m. Calculate the remainder when w is divided by m.
8
Suppose -5*u + 21 = i, 4*i + 22 - 123 = -3*u. Let o = i + -16. Suppose -2*x + 7*x - o = 0. What is the remainder when 4 is divided by x?
0
Let f = -120 + 143. What is the remainder when f is divided by 14?
9
Let g(z) = 3*z - 11. Calculate the remainder when 17 is divided by g(6).
3
Let j be 1/(-1) - (9 - 1). Calculate the remainder when (-60)/j - (-2)/(-3) is divided by 2.
0
Let d = 2 + 3. Suppose 55 = d*w - 10. What is the remainder when 24 is divided by w?
11
Suppose -50 = -4*q + 86. Let u be (2/6)/((-4)/(-36)). Let r = u - -9. Calculate the remainder when q is divided by r.
10
Suppose 6*x - x - 45 = 0. Calculate the remainder when 58/4 + 2/4 is divided by x.
6
Suppose 0 = y + 5*r + 124, 3*r - 6*r = 5*y + 576. Let z = -56 - y. Suppose -3*t = -5*t + 40. Calculate the remainder when z is divided by t.
18
Let z be (4/5)/((-2)/(-5)). Suppose -5*i = z*o - 31, -2*o - 5*i + 39 = o. Let g = 3 + 0. Calculate the remainder when o is divided by g.
2
Suppose -7*n - 4 = -3*n. Let s(z) = -13*z + 1. Suppose -4*k + 27 = k - u, u + 22 = 4*k. What is the remainder when s(n) is divided by k?
4
Let y = -2 - -34. Let w = 92 - 132. Let d = -29 - w. Calculate the remainder when y is divided by d.
10
Suppose 2*j + j - 240 = -5*q, 4*j = -2*q + 320. Calculate the remainder when j is divided by 27.
26
Let h(r) = r**3 - 5*r**2 + 5*r + 7. Calculate the remainder when h(5) is divided by 6.
2
Let r(d) = d**3 + 4*d**2 - 4*d + 6. Suppose 2*p - 2*z = -3*z + 7, 0 = -5*p + 5*z - 5. Suppose p*v + 6 = 5*v. Calculate the remainder when v is divided by r(-5).
0
Suppose -y = 5*f - 15, 3*y - f + 9 = 2*f. Suppose y = -d - 4 - 9. Let a = 24 + d. Calculate the remainder when a is divided by 4.
3
Calculate the remainder when (222/5 - -1) + (-8)/20 is divided by 25.
20
Let d(y) = y**2 + 5. Calculate the remainder when d(5) is divided by 8.
6
Let n(l) = l**3 + 4*l**2 - 6*l - 2. What is the remainder when 11 is divided by n(-5)?
2
Suppose -7*n + 34 + 1 = 0. Suppose n*q